0?
-1020220022011
In base 8, what is 1420037 + -67?
1417750
In base 5, what is -344022 + -13204211?
-14103233
In base 13, what is -59 + -599a3?
-59a2c
In base 5, what is 3242 + -1222412?
-1214120
In base 14, what is 118ba9d97 - 0?
118ba9d97
In base 10, what is -20 - -25907663?
25907643
In base 12, what is -11 + 10873?
10862
In base 5, what is -13111002114 - 113?
-13111002232
In base 9, what is 7523 - -43506?
52130
In base 16, what is 9063ce - -5?
9063d3
In base 9, what is -2423106 + -124?
-2423231
In base 16, what is -139ed + -c2?
-13aaf
In base 7, what is 55364 + -15035?
40326
In base 15, what is 0 + 35a696?
35a696
In base 8, what is -14544 + 7020?
-5524
In base 2, what is -10010111100001 + 111001111010101?
100110111110100
In base 16, what is 36da66 + 45?
36daab
In base 4, what is 2023 + -120033013020?
-120033010331
In base 8, what is -17105 + -3033?
-22140
In base 10, what is -55487 - 560?
-56047
In base 13, what is 25b0ba - 25a?
25ab60
In base 14, what is -68 - -42db7?
42d4d
In base 8, what is 2537 - -24260?
27017
In base 2, what is -10011101100000011 + 111?
-10011101011111100
In base 16, what is 1 + ab690?
ab691
In base 6, what is -43245531 + -30?
-43250001
In base 3, what is -111110 - 101112211222?
-101120100102
In base 9, what is -486886 - 1033?
-488030
In base 15, what is 5a170 - 7?
5a168
In base 5, what is -3004144 + 330022?
-2124122
In base 12, what is 1 - -6b565ab?
6b565b0
In base 14, what is a2 + 3032?
30d4
In base 9, what is 85703 + -60?
85633
In base 6, what is -24154222 - -512?
-24153310
In base 10, what is -441 + 44516?
44075
In base 7, what is -30430 - 12000?
-42430
In base 13, what is 2b + -23915a?
-23912c
In base 4, what is 12132212110 - -11?
12132212121
In base 13, what is -5 - -10aa03a3?
10aa039b
In base 9, what is -825086 + -123?
-825220
In base 14, what is 32 - -3a6601c?
3a66050
In base 15, what is 33a739e0 + 5?
33a739e5
In base 15, what is 369 + -3c05?
-388b
In base 8, what is 625370 - 1531?
623637
In base 5, what is 13 - -1420320023?
1420320041
In base 14, what is 14 - -13c2028?
13c203c
In base 7, what is -2464124511 - 0?
-2464124511
In base 7, what is 3315 + -36235?
-32620
In base 9, what is 4357 + 667?
5135
In base 9, what is 2 + 13741387?
13741400
In base 16, what is -25875f + -7?
-258766
In base 12, what is 14a30b - -6?
14a315
In base 11, what is 15 + -18092a?
-180915
In base 5, what is -10433214 - -143?
-10433021
In base 7, what is 11401 - 40301?
-25600
In base 11, what is 4327 - -29264?
32590
In base 16, what is -16d66673 - -5?
-16d6666e
In base 10, what is 2193094 - 201?
2192893
In base 13, what is -b0 - 4a6026?
-4a6106
In base 9, what is -5 + 44067387?
44067382
In base 6, what is 15222254 - -114?
15222412
In base 15, what is 10 - cc99d?
-cc98d
In base 13, what is -4 - 4964462?
-4964466
In base 7, what is -435 - -1040640?
1040202
In base 14, what is 43b + 3a56?
4093
In base 2, what is 10100111110010 + -11011111010110?
-110111100100
In base 9, what is 681671 - 14?
681656
In base 10, what is 586150 + 806?
586956
In base 7, what is 20 + -325005?
-324655
In base 14, what is 84a16b - -2?
84a16d
In base 2, what is 1010 + -1000000011011100000?
-1000000011011010110
In base 12, what is -3 + -54999b?
-5499a2
In base 2, what is -10110000111010100 - 110111100101?
-10110111110111001
In base 2, what is -1010001000100101001110000 + -1001?
-1010001000100101001111001
In base 14, what is a833a + -1c?
a831c
In base 11, what is 3 + 822706?
822709
In base 2, what is 11010010110100110111 - -100?
11010010110100111011
In base 7, what is 5 - 1205433532?
-1205433524
In base 13, what is b2181 - 180?
b2001
In base 3, what is -11 - 2002202210002020?
-2002202210002101
In base 4, what is 11 + 221320323200?
221320323211
In base 8, what is -436714536 + 1?
-436714535
In base 11, what is 1240513 + 7?
124051a
In base 12, what is 206aa - -2?
206b0
In base 4, what is 222222130200 - 21?
222222130113
In base 6, what is 11415 + -232554?
-221135
In base 15, what is 1a8 - 14b?
5c
In base 13, what is 1 - -598566?
598567
In base 14, what is -513b65 + 4?
-513b61
In base 11, what is 36a1615 + -4?
36a1611
In base 7, what is -105202 + -23344?
-131546
In base 11, what is -12 - 3096a52?
-3096a64
In base 9, what is 1427 - 123?
1304
In base 13, what is 3c284 + 1224?
404a8
In base 5, what is -121434 + -10321434?
-10443423
In base 11, what is 2 - -6381797?
6381799
In base 7, what is -33504 - -61432?
24625
In base 11, what is -175a6 + -604?
-180aa
In base 7, what is 6 + -200204?
-200165
In base 5, what is -12141233 + -22124?
-12213412
In base 7, what is -251526540 - -14?
-251526523
In base 2, what is 1110110001111101001101 - 0?
1110110001111101001101
In base 16, what is 1c75f66 + -c?
1c75f5a
In base 15, what is -127a9 - -197?
-12612
In base 2, what is 100011010101000010 + -11011?
100011010100100111
In base 2, what is -1001001 - -11000111001111?
11000110000110
In base 6, what is 5043140 + 31?
5043211
In base 11, what is aa8088 + -126?
aa7a62
In base 11, what is a - 450918?
-450909
In base 13, what is 1 + -126235?
-126234
In base 6, what is -2 - 1024004332?
-1024004334
In base 9, what is -4 - 223554588?
-223554603
In base 10, what is 2 - 2316421?
-2316419
In base 2, what is 1010111 + -1100100000111111?
-1100011111101000
In base 14, what is 141 + -1aa5b0?
-1aa46d
In base 3, what is -11 + -110000211100122?
-110000211100210
In base 14, what is 1a + -a3210?
-a31d4
In base 13, what is -211ab + -3404?
-245b2
In base 9, what is -2044306 - 3?
-2044310
In base 2, what is -11001100100 - 10111011111?
-110001000011
In base 13, what is -2b5 - -327a4a?
327765
In base 14, what is -19c758 + 2d?
-19c729
In base 13, what is 834 - 858?
-24
In base 6, what is 135 + 552220?
552355
In base 12, what is -13 - -25602?
255ab
In base 8, what is -616 - -4405?
3567
In base 15, what is 5c7 - 5085?
-49ad
In base 3, what is 2 - -100122011122012?
100122011122021
In base 6, what is -214 - -1555534?
1555320
In base 11, what is -75995a088 + 0?
-75995a088
In base 3, what is 11221122121 - -2220011?
12001112202
In base 13, what is -10 + -20703a9?
-20703b9
In base 10, what is -5763 + 7674?
1911
In base 5, what is -10 + -31320414?
-31320424
In base 9, what is -13680 + -24855?
-38645
In base 14, what is 2 - -9d145?
9d147
In base 10, what is 5 - -3507436?
3507441
In base 8, what is -57 - 26036361?
-26036440
In base 10, what is -3056 + 4416?
1360
In base 12, what is 3 + -23b371?
-23b36a
In base 6, what is -1231012343 + 2?
-1231012341
In base 9, what is -1 + 271765650?
271765648
In base 9, what is -6832812 + 14?
-6832787
In base 9, what is 17056546 - -8?
17056555
In base 14, what is -5217c1 - -d6?
-5216c9
In base 8, what is -64340616 + 63?
-64340533
In base 8, what is -3 + -227213505?
-227213510
In base 15, what is 5003 - 3d8?
4b1a
In base 4, what is -1302 - 10110300112?
-10110302020
In base 11, what is 52410a79 + -3?
52410a76
In base 2, what is 11100001100001111111001101111 - 101?
11100001100001111111001101010
In base 4, what is -10 - -2130310101111?
2130310101101
In base 6, what is -25110 - 4352321?
-4421431
In base 14, what is 2 - -b5bd77a?
b5bd77c
In base 7, what is 562 + 3251126?
3252021
In base 15, what is ca4 - -13e1?
2195
In base 7, what is -124120443 + -10?
-124120453
In base 14, what is 2c1 - bb6c?
-b88b
In base 16, what is 11afd2c + 2?
11afd2e
In base 4, what is -3130103302233 + -1?
-3130103302300
In base 2, what is -1100010101010011 - -1010100110?
-1100001010101101
In base 11, what is -675 - a4490?
-a5055
In base 4, what is 2 - -13022222011102?
13022222011110
In base 4, what is 11020000 + 232?
11020232
In base 2, what is -101100100111011 - 10000101?
-101100111000000
In base 5, what is 12223244 + 2421?
12231220
In base 2, what is 110 - -1110001011111011101?
1110001011111100011
In base 10, what is 364734 + -14?
364720
In base 9, what is 1521502 - 2?
1521500
In base 7, what is -4 + -5112?
-5116
In base 3, what is -10222012 + 20111101?
2112012
In base 2, what is 100011 + 1011111110001010011?
1011111110001110110
In base 13, what is 598 - -22b76?
23441
In base 6, what is -2524 + -14454023?
-14500551
In base 4, what is -11 + -33312320201233?
-33312320201310
In base 6, what is 1 - 502243515?
-502243514
In base 5, what is 133 + -4231440320?
-4231440132
In base 14, what is -913 + -b77?
-168a
In base 6, what